ivisor of 171 and g.
19
Let x(p) = -p**3 - 7*p**2 - 12*p - 2. Let i be x(-5). Let z = -129 + 217. Calculate the highest common divisor of z and i.
8
Let h(q) = -q**2 - 4*q - 2. Let v be h(-7). Let x = v - -68. Calculate the greatest common divisor of 18 and x.
9
Suppose 2*q + 448 = 6*q. Calculate the highest common divisor of 16 and q.
16
Suppose -3*k - 29 = -4*k. What is the highest common divisor of 29 and k?
29
Suppose -4*f - 566 = -5*q, -q - 2*f = 3*f - 90. Let b be 20*((-3)/2 + 2). Calculate the highest common divisor of q and b.
10
Let a(m) = 2*m. Let x be a(4). What is the greatest common divisor of x and 4?
4
Let m be (-22)/(-12) - 5/(-30). What is the greatest common factor of m and 6?
2
Let j = -22 + 31. Suppose -2*g - 3 = -j. Calculate the greatest common factor of 24 and g.
3
Let l = -12 + 16. Suppose 0 = -5*o + l*o + 17. Calculate the highest common divisor of o and 187.
17
Suppose -4*z + 380 = 4*c - 8*z, -2*c + 162 = 5*z. Calculate the greatest common factor of c and 13.
13
Suppose 5*f = k - 33 - 34, 4*k = 8. Let b = f + 37. Calculate the greatest common factor of b and 60.
12
Let d be (2/4)/((-4)/(-32)). Suppose d*y - 36 = y. Calculate the greatest common divisor of y and 18.
6
Suppose -2*m = -2 - 2. Let g be ((-55)/m)/((-3)/6). Let q be 22 + 1 + 2 + -3. What is the greatest common factor of q and g?
11
Suppose 0*i = -i + 60. Calculate the greatest common divisor of 15 and i.
15
Let f = 0 - -36. What is the highest common divisor of f and 60?
12
Let t = -12 + 20. Suppose -3*g - 20 = -4*n, -n - 5*g - 9 - 9 = 0. Suppose -t = -0*i - n*i. Calculate the greatest common factor of 6 and i.
2
Let m be 2 + -14*(-4)/4. Calculate the highest common factor of m and 4.
4
Let i be (6/4)/(12/16). What is the greatest common divisor of 2 and i?
2
Suppose 5*s + 5*n - 75 = 0, 10*s - 7*s - 2*n - 45 = 0. Calculate the highest common factor of s and 20.
5
Let y(n) = n**3 + 18*n**2 + n + 23. Let h be y(-18). Calculate the highest common factor of 40 and h.
5
Let j be (0 - 28/16)/(2/(-8)). Calculate the greatest common divisor of 63 and j.
7
Let m be -4 - 0*(-3)/(-6). Let x = m - -7. What is the highest common divisor of 1 and x?
1
Suppose 2*z + 0 = -u + 12, z = -u + 8. Suppose -2*s = -u*l + s + 303, 0 = 2*l - 3*s - 147. Calculate the highest common factor of l and 13.
13
Suppose 3*t + 17 = 4*t. Let b = 34 + -31. Let p be b/(-9) - (-256)/3. What is the greatest common factor of t and p?
17
Let d = -2 + 5. Let u = 4 - d. Let z = -122 + 133. Calculate the highest common factor of z and u.
1
Suppose 0 = 6*r - r. Suppose 2*h - 7 - 1 = r. Calculate the greatest common divisor of h and 16.
4
Let k(t) = -10*t - 8. Let c(m) = m - 1. Let j(s) = 5*c(s) - k(s). Let v be j(-6). Let r = 175 + v. What is the greatest common divisor of r and 11?
11
Let q(l) = -6*l**3 - 1. Let h be q(-1). Suppose -24 = g - h*g. What is the greatest common divisor of g and 15?
3
Let b be ((-3)/9)/(4/(-36)). Let w = 37 + -13. What is the highest common factor of b and w?
3
Let q = -59 - -195. What is the highest common factor of 17 and q?
17
Let o = -61 - -73. Calculate the highest common divisor of o and 3.
3
Let k = 6 - 4. Suppose k*v - 840 = -2*v. Suppose 0 = 2*a + 3*a - v. What is the highest common divisor of a and 14?
14
Let f(n) be the second derivative of n**4/12 + 2*n**3/3 + 6*n**2 - 6*n. Let u be f(-8). Calculate the greatest common divisor of u and 22.
22
Let x be 1 + 1 + -2 + 0. Suppose x = c - 71 - 6. Suppose 2*a = -3*a + 55. What is the greatest common factor of a and c?
11
Suppose 3*u + 51 = 3*s, 0 = -5*s - 4*u + 33 + 34. Calculate the highest common factor of s and 30.
15
Let b = -37 - -103. Let v = 6 + 0. What is the greatest common divisor of b and v?
6
Suppose 0*j = 5*j - 15. Suppose -13 = u + 5*x, u + j = -0*u - 3*x. What is the highest common divisor of 108 and u?
12
Let t be (3 - 2 - 0) + -88. Let g be t/(-6) - 1/2. Let q = g - 4. What is the greatest common factor of q and 20?
10
Let c be 2/1 - -2*1. Let d = c - 4. Suppose 4*i - i - 3 = d. Calculate the greatest common factor of 1 and i.
1
Let z be 860/18 + (-2)/(-9). Suppose -24 = 2*p + 6*q - q, -3*q = 3*p + 18. Let x be 4*-2*2/p. Calculate the highest common divisor of z and x.
8
Suppose 2*d = -38 + 58. Calculate the highest common factor of 4 and d.
2
Suppose 3 + 7 = 5*r. Let j = 6 + -2. Let q be (j/r)/((-6)/(-297)). Calculate the highest common factor of 9 and q.
9
Suppose 3*u + 4*n = 192, 5*u = 4*u - 3*n + 59. Suppose -4*j + 0*j = -68. Calculate the greatest common factor of j and u.
17
Let d = 58 + -14. Calculate the greatest common divisor of d and 66.
22
Suppose -43 = -4*i + 1. Let y = -7 + i. Calculate the greatest common divisor of y and 36.
4
Suppose -2*w + 4*d - 28 = -4*w, 0 = 5*w + 3*d - 105. Calculate the greatest common divisor of 16 and w.
8
Suppose -15 = y - 6*y. Suppose 0 = -5*p - y + 33. What is the greatest common divisor of p and 18?
6
Let o(r) = -6*r - 7. Let j be o(-4). Suppose -w = -6*w + 3*u + 935, 0 = 3*w - 3*u - 561. What is the greatest common divisor of w and j?
17
Suppose -4*t = -4*f - 32, -f = 4*t + 2*f - 4. Let q be -2 + (-9)/(t - 7). What is the highest common factor of 3 and q?
1
Let f(q) = -3*q**3 - 5*q**2 - 5*q + 5. Let d be f(-7). Suppose -64 + d = 4*w - 4*j, w - 3*j - 196 = 0. What is the highest common factor of w and 17?
17
Suppose 3*g - 3 = 3*h, 4*g - 49 = -4*h - h. What is the greatest common divisor of 18 and g?
6
Suppose x - 7 = 15. Let a = -86 - -141. Calculate the highest common factor of x and a.
11
Suppose -4*l + 3*l + 45 = 0. What is the highest common divisor of 5 and l?
5
Suppose -l + 57 = 2*l. What is the greatest common divisor of 171 and l?
19
Let f = 10 - 8. Calculate the highest common factor of f and 1.
1
Suppose 4*y - 8 = -112. Let p be (-4)/26 + (-290)/y. Calculate the highest common divisor of p and 11.
11
Let k be (-10)/8*(-11 + 7). Suppose -4*f = -k*s + 192, 2*f + 59 = f + 4*s. Let u = -27 - f. What is the highest common divisor of u and 64?
16
Let g be ((-11)/33)/(2/(-228)). Calculate the highest common factor of g and 19.
19
Let c = 4 + -1. Let u(w) = 2*w - 4. Let v be u(3). What is the highest common factor of v and c?
1
Let t(x) = 2*x - 9. Let g be t(10). Calculate the highest common divisor of 33 and g.
11
Let n be (26 + 2 - -1) + -1. Suppose 0 = y + 4 - n. What is the highest common divisor of y and 24?
24
Suppose -4*r + 4*g = -540, 2*g - 61 = -2*r + 197. Calculate the greatest common factor of 11 and r.
11
Suppose 200 = 2*v + 3*v. Calculate the highest common divisor of 5 and v.
5
Let o = 7 - 3. Suppose o*f - f - 297 = 0. Calculate the highest common factor of f and 11.
11
Let t be ((-16)/6)/4*-3. Suppose 3*k = t*k + 28. Suppose -18 = -4*d - 2*j, -4*d + 7 = -d - 5*j. What is the highest common divisor of k and d?
4
Let b be 24 + -9 - (0 - -1). What is the greatest common factor of 28 and b?
14
Let i be 4/(-10) + 36/(-10). Let b be i*3*(-2)/3. What is the greatest common divisor of 40 and b?
8
Let i be 5*(-4 - -4 - -1). Calculate the greatest common factor of 5 and i.
5
Let p(y) = 3*y - 3. Let c be p(11). Calculate the greatest common factor of 12 and c.
6
Let x be 19/2 - (2 + (-7)/2). Let b(q) = -q + 293. Let j be b(0). Let r = j - 205. What is the greatest common divisor of r and x?
11
Let w(j) = -j**3 + 6*j**2 + 10*j - 5. Let t be w(7). Suppose 135 = -t*f + 17*f. Calculate the greatest common divisor of f and 15.
15
Let f = 81 - 49. Calculate the greatest common divisor of f and 288.
32
Let z be (-3)/7 + (-146)/(-14). What is the greatest common factor of 10 and z?
10
Let m be (3/(-4))/3 - (-2886)/24. Calculate the highest common divisor of 15 and m.
15
Let k(p) = -8*p + 2 - 9*p + 0. Let r be (-3)/(3 + 3/(-2)). Let n be k(r). What is the greatest common divisor of 4 and n?
4
Let z be -3 + 3 + -2 + 3 - 5. Suppose -4*m + m = -18. Let r = m + z. What is the highest common factor of r and 8?
2
Let l = 0 - -3. Suppose -33 = -l*j + 12. Let n be (5 + 15)/((-2)/(-12)). What is the highest common divisor of n and j?
15
Suppose 5*h = 32 - 2. Let t be (-4)/h + 124/6. Suppose 18*z - 797 = 643. Calculate the greatest common factor of z and t.
20
Let z = -23 - -45. Let f be (-1)/3*2*-3. What is the highest common divisor of f and z?
2
Let d(x) = -1. Le